-6 + 8. Suppose -4*x + 499 = 5*b, -5*x + 3*b = -u*x - 354. Suppose 15 - x = -s. What is the tens digit of s?
0
Suppose 4*c = -4*x + 86307 - 11223, -7*c - 3*x + 131397 = 0. What is the tens digit of c?
7
Suppose -2*u - 3*w = -50574 - 28835, 3*w = -9. What is the units digit of u?
9
Let z(s) = 20*s + 105. Let h be z(-5). Suppose -o - 33*k = -34*k - 669, -h*o + 4*k = -3350. What is the tens digit of o?
7
Suppose -28*q + 19133 = -25*q + 5*a, q - 6387 = -4*a. What is the tens digit of q?
7
Let d be (1 + (-8)/(-2))*287. Let v = -985 + d. Suppose -2*b + v = 64. What is the hundreds digit of b?
1
Suppose w - 6*w = 1530. Let o = w - -559. What is the hundreds digit of o?
2
Let x = -5 - 0. Let w(r) be the second derivative of -8*r**3/3 - 3*r**2/2 + 16*r - 3. What is the tens digit of w(x)?
7
Let z = -233 + 13904. What is the units digit of z?
1
Let g be (-42)/168*(-16)/2. Suppose -18*b = -g*u - 13*b + 2700, 1351 = u - 2*b. What is the units digit of u?
5
Let l = 12486 - 1988. Let x be l/(-203) + (1 - 18/14). Let b = -2 - x. What is the units digit of b?
0
Let o be 4/((10/35)/(10/14)). Suppose -o*w = 5*w - 2070. What is the tens digit of w?
3
Let c = -753 - -390. Let a = -100 - c. Suppose -3*y + 4*n - 37 + a = 0, -4 = n. What is the tens digit of y?
7
Let n(m) = -185*m**2 + 1852*m - 14. Let f be n(10). Let o(g) = 26*g - 2. Let y be o(-3). What is the units digit of (-1 - y)/(f/12)?
8
Suppose -3*n + 8 = 2*s, s - 12 = -2*s. Suppose n = 35*k - 10386 - 18874. What is the hundreds digit of k?
8
Suppose 2*j + 0*j = 40. Suppose 2*u = r + j, -3*r = 2*r + 4*u + 100. What is the tens digit of 88 + (-9)/((-45)/r)?
8
Let a(o) = 2*o**2 - 27*o - 81. Let f be a(-13). Let i = f - -417. What is the thousands digit of i?
1
Let o = 89 - 84. What is the tens digit of (402/o)/((-12)/(-160))?
7
Suppose 5*i + 4*c = 19, 0*i = 5*i + 5*c - 20. Suppose -i*d + 5*y + 6 - 1 = 0, 0 = d + 5*y - 15. Suppose d*p = 2*p + 147. What is the units digit of p?
9
Let o = -643 - -917. Let z = o + -191. Suppose 235 - z = n. What is the units digit of n?
2
Suppose 30*l + 51 = 33*l. Suppose 0 = 2*y - 4*a + 4, 0 = -5*y - 5*a + l + 3. Let f(z) = 25*z. What is the units digit of f(y)?
0
Suppose 4*r + 6 = 3*h, 0 = -3*r - 6*h + 7*h - 2. Suppose 6*j - 1823 - 19 = r. What is the units digit of j?
7
What is the hundreds digit of 9592 + ((-1120)/5)/16?
5
Let f be (3/(-12))/((-8)/3232). Suppose -2*s = -2*j - f + 11, j + 4*s + 50 = 0. Let u = -37 - j. What is the units digit of u?
9
Let a(t) = t**3 + 21*t**2 - 42*t - 10. Let b be a(-26). What is the hundreds digit of ((-4)/(-8))/(3 - (-6891)/b)?
3
Let l = 13597 + -8682. What is the thousands digit of l?
4
Let r be -10 + ((-1)/2)/((-102)/3672). Let y = 1441 + -2519. What is the units digit of 12/48 - y/r?
5
Suppose -822 = 21*g - 27*g. Suppose -p - g = -529. What is the hundreds digit of p?
3
Suppose -117*q - b + 12393 = -115*q, b = 4*q - 24807. What is the units digit of q?
0
Let x(p) = p**2 - 7*p + 2. Let n be x(7). Suppose 0 = n*d - 11*d + 27. Suppose i - d*i = -246. What is the units digit of i?
3
Let l(k) = 2786*k - 4736. What is the thousands digit of l(14)?
4
Suppose -5*m = n + 136, -2*n - 3*n = 5. Let u = -23 - m. Let k(x) = 7*x**2 + 7*x - 22. What is the hundreds digit of k(u)?
1
Let p be 217/(-3) + (-12)/18. Let u = 104 + p. Suppose -3*z + 4*a = -u, -95 = -5*z - 3*a + a. What is the units digit of z?
7
Let c = -26 - -28. Suppose c*y - 24 = -6*y. Suppose 44 = y*w + 8. What is the tens digit of w?
1
Suppose -261*i + 1001479 = -5476019. What is the units digit of i?
8
Suppose -n - 2*y + 2905 = 0, 0*n + 3*y = n - 2915. Let r = n - 2062. What is the units digit of r?
7
Let p(u) be the second derivative of 5/6*u**3 - u**2 + 31*u + 0 + 3/4*u**4. What is the tens digit of p(-5)?
9
Suppose 0 = -5*a + 4*a - 69. Let s = 65 + a. What is the units digit of (46/s)/(-2 - (-138)/72)?
8
Let j = 119 - 66. Let a(o) = 3 + 4*o**2 - 113*o + 55*o + j*o. What is the units digit of a(5)?
8
Let i be (-24)/(-54) + 35871/27. Let h = i - 693. What is the hundreds digit of h?
6
Let s(v) = 4*v + 1. Let g be s(7). Let f = -26 + g. Suppose -2*b - c + 21 = 0, -3*c + 0 = f. What is the units digit of b?
1
Let h(l) = 104*l**2 + l - 175. What is the units digit of h(8)?
9
Suppose 5*o + f - 3580 = 0, 0 = -101*f + 100*f. What is the units digit of o?
6
Let x = 4281 + -4233. Let k = 107 - 14. Let f = k - x. What is the units digit of f?
5
Let q = 1046 + -263. Suppose -5*m = -2*j - 1490, -j = -2*m + q - 188. What is the units digit of m?
0
Let b(a) = -2*a**2 - 10*a + 10. Let f = 96 + -99. What is the units digit of b(f)?
2
Let j(l) = 1561*l + 120. What is the hundreds digit of j(8)?
6
Suppose x - 15577 = 5*j - 109084, -x - 74806 = -4*j. What is the hundreds digit of j?
7
Let m(c) = c**3 + 45*c**2 - 137*c - 60. What is the units digit of m(-42)?
6
Let b(f) = f**3 - 13*f**2 - 4*f - 2. Let o be b(13). Let v = o + 51. What is the tens digit of v/(-5) - ((-651)/15 - -2)?
4
Let y be (817 - 13)/(10/65). Suppose 33*w - 39*w = -y. What is the hundreds digit of w?
8
Let r be (9/6)/((-2)/4688*-2). Let z = -588 + r. What is the tens digit of z?
7
What is the tens digit of (-180)/45 + (1 + 5 - -64421)?
2
Suppose -2411 = 11*w - 7812. Suppose 21*q - w = 916. What is the tens digit of q?
6
Let r = 613 + 3618. What is the thousands digit of r?
4
Let y(w) = w**3 - 3*w**2 - 3*w - 1. Let h be y(-2). Let i(c) = -11*c**2 - 254*c - 22. Let r be i(-23). What is the units digit of h/(-6)*14/r?
5
Suppose 11*l = 10*l - 29*l + 303330. What is the ten thousands digit of l?
1
Let r = -19 - -24. Suppose 4 = -3*q + r*q. What is the units digit of -273*(26/(-6) + q + 2)?
1
Let f(i) = i**3 - 21*i**2 - 23*i + 27. Let t be 5*(111/15 - 3). Let p be f(t). Let b(w) = 40*w - 3. What is the hundreds digit of b(p)?
1
Suppose -p + 8 = 4*h, -3*p = -0*h - 2*h - 10. Let a(l) = 3*l**3 + 2*l - 1. Let g be a(h). Suppose -g*t = -t - 309. What is the tens digit of t?
0
Suppose 3*s = -q + 431, 4*q = 5*s - 7*s + 304. Let z = s - 136. What is the units digit of z?
6
Let f be (-16)/6*-285 - (-1 - -1). Suppose k = 9*k + f. Let d = 154 + k. What is the units digit of d?
9
Suppose 97*g - 308575 = -82468. What is the hundreds digit of g?
3
Suppose 4191 = o - 29*z + 33*z, 3*z + 20817 = 5*o. What is the units digit of o?
7
What is the units digit of 10/4 - (-19)/38 - -18042?
5
Let r(z) = -z - 4. Let f(h) = 2*h - 5. Let p(x) = -5*f(x) + 10*r(x). Let m = 10 - 21. What is the units digit of p(m)?
5
Suppose -3*p - u + 3 = 0, 0 = -5*p + 3*u + 1 + 4. Let x be 2/(-1) - -1*37/p. Suppose -9*w + x = -2*w. What is the units digit of w?
5
Let c = 493 + 111. Suppose -2*m + 829 = p, 2*m + 5*p - c = 237. What is the tens digit of m?
1
Suppose 207379 = 92*u - 40837. What is the hundreds digit of u?
6
Let b = -191 + 181. What is the thousands digit of 32/(160/b) - (0 + -1324)?
1
Let p(g) = g**3 - 15*g**2 + 34*g - 17. Let i be p(14). Suppose -6*v - 670 = -11*v. Let s = i - v. What is the units digit of s?
9
Suppose -562*s + 550*s = -751656. What is the ten thousands digit of s?
6
Suppose 3*j = 200 - 38. Suppose 5*g + 216 = 4*q, 0 = -17*g + 22*g - 20. Suppose -j*n = -q*n + 100. What is the tens digit of n?
2
Let x(t) = 36*t + 5. Let j(o) = -o + 1. Let w(c) = -3*j(c) + x(c). Let i be ((-25)/(-10))/5 - 1/(-2). What is the units digit of w(i)?
1
What is the hundreds digit of 17 - (-12 + 33) - (0 - 1267)?
2
Suppose 2*y + 2*i + 730 = 11044, -2*y = -i - 10311. What is the thousands digit of y?
5
Let w(j) = 4 - 2 + 6 - 6 + 84*j. Let v(t) = -1. Let i(a) = -v(a) + w(a). What is the tens digit of i(1)?
8
Let y(j) = 2*j**2 + 1. Let l(n) = 14*n**2 - 21*n + 56. Let h(d) = l(d) - 5*y(d). What is the hundreds digit of h(11)?
3
Let n be 22/143 + 228/39. Suppose -n*b + 1348 = -4*b. Suppose -2*a = -2*t + 386, 70 - b = -3*t - 2*a. What is the hundreds digit of t?
1
Let c(m) be the second derivative of m**5/20 + 13*m**4/12 - 5*m**3/2 + 6*m**2 + 3*m + 18. What is the hundreds digit of c(-9)?
4
Suppose -4*z + 3*a + a - 5360 = 0, 5354 = -4*z + a. Let j = z + 2262. What is the tens digit of j?
2
Let n(k) be the third derivative of 0 - 16*k**2 - 1/6*k**3 + 4/5*k**6 - 1/60*k**5 + 0*k + 1/8*k**4. What is the tens digit of n(1)?
9
What is the hundreds digit of 12 - 3 - 322890/(-15)?
5
What is